4?
9
Calculate the greatest common factor of 21850710 and 2010.
2010
What is the greatest common divisor of 8446 and 1542734?
206
Calculate the highest common factor of 52237952 and 256.
128
Calculate the highest common factor of 16884 and 600052.
268
What is the greatest common divisor of 1136 and 430505376?
1136
Calculate the highest common factor of 5264 and 12992.
112
Calculate the greatest common factor of 29960 and 846016472.
5992
Calculate the highest common divisor of 42 and 110746790.
14
What is the greatest common factor of 40 and 2575272?
8
Calculate the greatest common divisor of 1702 and 885706.
74
What is the highest common factor of 1517032 and 264?
88
What is the greatest common divisor of 117822725 and 284?
71
What is the greatest common factor of 99 and 103296677?
11
Calculate the highest common factor of 3175 and 11640185.
635
Calculate the greatest common divisor of 10292 and 10181361.
2573
What is the greatest common factor of 25591179 and 116087?
4003
Calculate the highest common factor of 718676 and 84.
28
What is the greatest common factor of 10656401 and 21?
7
Calculate the highest common divisor of 1653 and 45134063.
551
Calculate the highest common factor of 18 and 327311775.
9
Calculate the highest common factor of 66201961 and 2282.
1141
What is the greatest common factor of 4680580 and 80?
20
What is the highest common factor of 469 and 15714649?
67
Calculate the highest common factor of 218738 and 93154.
94
What is the highest common divisor of 42584448 and 860?
172
What is the highest common divisor of 31 and 14833376?
31
Calculate the highest common factor of 85767 and 146487.
759
What is the highest common divisor of 685 and 22717340?
685
What is the highest common divisor of 9801 and 32067?
9
What is the greatest common factor of 299125 and 169903?
2393
Calculate the greatest common factor of 246847 and 5790.
193
What is the highest common divisor of 670 and 10629215?
335
Calculate the greatest common divisor of 30 and 578710374.
6
What is the highest common divisor of 81146227 and 67313?
811
Calculate the greatest common divisor of 3681536 and 512.
256
Calculate the highest common divisor of 14165628 and 318.
318
Calculate the greatest common factor of 2211 and 180378.
33
What is the greatest common factor of 273557680 and 720?
80
Calculate the greatest common factor of 1218 and 68892052.
58
What is the greatest common factor of 2031080 and 136?
8
Calculate the greatest common divisor of 8316 and 1176588.
252
What is the highest common divisor of 71497 and 33919682?
3763
What is the greatest common divisor of 114873 and 1003?
59
What is the highest common divisor of 217 and 514693?
31
What is the highest common factor of 101822 and 39482?
2078
Calculate the greatest common factor of 13086972 and 21888.
684
Calculate the highest common factor of 132129350 and 175.
25
Calculate the highest common divisor of 1595342 and 8284332.
7154
Calculate the highest common divisor of 34884 and 31235031.
513
What is the highest common factor of 16832 and 216975?
263
What is the greatest common divisor of 13145792 and 192?
64
What is the greatest common divisor of 130219635 and 455?
455
Calculate the highest common divisor of 3973 and 7730037.
29
What is the highest common divisor of 1009853430 and 30?
30
What is the highest common factor of 1194 and 82910166?
1194
What is the greatest common factor of 174732 and 2748?
12
Calculate the highest common divisor of 13156 and 12508320.
1012
What is the greatest common factor of 133 and 2766989190?
133
Calculate the highest common divisor of 42 and 102721668.
42
What is the greatest common factor of 216 and 4437288?
216
Calculate the highest common divisor of 5919664 and 16.
16
What is the greatest common factor of 485 and 3380815?
5
Calculate the greatest common divisor of 31155 and 279465.
465
Calculate the highest common divisor of 17363 and 1401844.
97
Calculate the highest common factor of 60209718 and 215.
43
What is the greatest common divisor of 20340703 and 59469?
461
Calculate the greatest common divisor of 3297 and 4063003.
1099
What is the greatest common factor of 16371825 and 9215?
95
What is the highest common factor of 18278 and 408517?
37
Calculate the greatest common divisor of 287560 and 347126.
2054
Calculate the highest common divisor of 18537 and 22392529.
167
Calculate the highest common divisor of 1141 and 301584719.
163
Calculate the highest common divisor of 292543 and 268869.
1691
What is the highest common divisor of 131893112 and 35126?
5018
What is the highest common factor of 5644 and 82909?
17
Calculate the greatest common factor of 4550 and 14692145.
65
Calculate the highest common divisor of 413583 and 421059.
267
Calculate the greatest common divisor of 141 and 1464780991.
47
Calculate the highest common divisor of 52542644 and 1302.
434
Calculate the highest common factor of 67550 and 550.
50
Calculate the highest common factor of 13838068 and 2856.
68
Calculate the highest common factor of 147 and 219002.
7
Calculate the highest common divisor of 4534249 and 120646.
179
Calculate the greatest common divisor of 7 and 37282350.
7
Calculate the highest common divisor of 942 and 62807850.
942
What is the highest common factor of 314027763 and 4830?
483
What is the highest common divisor of 184535 and 2669?
17
What is the greatest common divisor of 21769 and 138607181?
1979
Calculate the greatest common divisor of 67 and 116303.
1
What is the highest common factor of 46706 and 4764?
2
What is the highest common divisor of 5256 and 8185608?
72
What is the greatest common factor of 1734 and 17810781?
867
Calculate the highest common factor of 7745806 and 17613.
1957
Calculate the greatest common divisor of 445947014 and 37.
37
What is the highest common factor of 49 and 1501661?
7
What is the highest common divisor of 1967467 and 19270?
1927
Calculate the greatest common divisor of 46017845 and 5.
5
What is the greatest common divisor of 54500 and 15760?
20
Calculate the greatest common factor of 17400 and 375924100.
2900
What is the highest common divisor of 3060 and 1009575?
45
What is the highest common factor of 14272573 and 3773?
343
What is the greatest common factor of 136 and 825163?
17
What is the greatest common divisor of 92297040 and 1360?
80
What is the highest common divisor of 506432 and 91868?
772
Calculate the greatest common divisor of 384 and 63078.
6
Calculate the highest common divisor of 1974 and 171676806.
1974
Calculate the greatest common factor of 6085781 and 442.
13
Calculate the greatest common divisor of 4 and 3073488.
4
What is the greatest common divisor of 17 and 453780762?
17
What is the greatest common divisor of 46040 and 462040?
40
What is the highest common factor of 1406038 and 3586?
326
What is the greatest common factor of 13702 and 9001330?
442
Calculate the highest common factor of 843 and 744369.
843
What is the greatest common divisor of 542392 and 317100?
604
Calculate the highest common factor of 2472 and 21389804.
412
What is the greatest common divisor of 8512 and 13451392?
1216
What is the greatest common factor of 354064289 and 1779?
593
Calculate the highest common factor of 83 and 166026643.
83
What is the greatest common divisor of 6984 and 240336?
72
Calculate the greatest common factor of 7051329 and 3722.
1861
Calculate the greatest common factor of 2 and 2256017.
1
What is the greatest common divisor of 12293 and 1387?
19
What is the highest common factor of 1339 and 293267?
13
Calculate the highest common divisor of 10624097 and 38.
19
Calculate the greatest common factor of 3020153 and 13869.
23
Calculate the greatest common divisor of 178708486 and 5522.
5522
What is the greatest common divisor of 58233 and 643041?
1239
What is the highest common divisor of 16113 and 25796127?
393
Calculate the greatest common factor of 2698157 and 2171939.
5159
What is the highest common divisor of 60627112 and 84?
28
Calculate the greatest common factor of 102723 and 71683.
97
What is the highest common divisor of 4318592 and 51712?
128
Calculate the highest common factor of 1651686841 and 2513.
2513
What is the highest common divisor of 10881934 and 2844?
158
Calculate the greatest common divisor of 